m) = 2*m + 1. Let h be p(1). Let w(y) be the first derivative of -y**3/3 + 5*y**2/2 - 2*y + 78. Determine w(h).
4
Let r(i) = i**2 - i - 1. Let m(y) = 3*y**2 - 7*y + 3. Let k(b) = -m(b) + 4*r(b). Let l be (-16)/56*14 + -1*2. What is k(l)?
11
Let l be 3/9 - 224/(-84). Let i(s) = 3*s - s**2 - 4 + 1 - s**2. Give i(l).
-12
Let m(o) = 2*o**2 - 19*o - 27. Let w(a) = 8*a**2 - 78*a - 111. Let g(x) = -9*m(x) + 2*w(x). Give g(9).
-6
Let y = -41 - -45. Let f(m) = -m**3 - 6*m**2 + 2. Let j be f(-6). Suppose j*x + 2 = 0, -10 = -l + 2*l + y*x. Let i(h) = h + 10. Determine i(l).
4
Let v(h) = 3*h + 8. Let w(b) = b + 1. Let c(m) = -v(m) + 2*w(m). Let o be -1*10*(-15)/5. Suppose -8*t + o = -13*t. What is c(t)?
0
Let f(t) be the second derivative of -1/6*t**3 + 0 - 6*t - 3/2*t**2. What is f(-3)?
0
Let s(k) = k**2 - 24. Let r = 1291 + -1291. Give s(r).
-24
Let c = 11 - 4. Let k(d) be the first derivative of d**4/4 - 8*d**3/3 + 7*d**2/2 - 4*d - 125. Determine k(c).
-4
Let b(y) be the first derivative of 2/3*y**3 + 1/12*y**4 + 7 + 4*y + y**2. Let w(q) be the first derivative of b(q). Give w(-3).
-1
Let b(y) be the third derivative of -y**5/60 - 5*y**4/24 + 4*y**3 + 11*y**2. Let k(w) be the first derivative of b(w). Calculate k(-8).
11
Let k(w) be the second derivative of -w**5/20 - w**4/2 - 5*w**3/6 - 3*w**2/2 + 11*w. Give k(-5).
-3
Let j(d) = -28*d + 28*d + 7 - d**3 + 5*d**2. Let v be -6 - -3 - (-1 + -2). Suppose v*p + 5 = -p + 5*x, -2*p + 3*x = -4. Give j(p).
7
Let y = 5 - 9. Let s = 8 + y. Let w(t) = -8 + s*t + t - 3*t - t. Determine w(6).
-2
Let z(s) = -2*s**3 - 25*s**2 - 32*s - 35. Let p(d) = d**3 + 13*d**2 + 17*d + 18. Let q(n) = -15*p(n) - 8*z(n). What is q(-5)?
5
Let j = 812 + -807. Let m(a) be the second derivative of -5/12*a**4 - 1/20*a**j - 1/2*a**3 + 0 - 1/2*a**2 - 6*a. Calculate m(-5).
14
Let g(d) = -5*d + d**2 + 6 + 4*d**2 + d**2. Let h(q) = 14*q - 9*q - 1 - 7*q**2 + q - 6. Let k(s) = -6*g(s) - 5*h(s). Calculate k(0).
-1
Let l(t) = 4*t + 4. Let k be (16/6)/((-32)/(-48)). Determine l(k).
20
Let i be (-2)/(-4)*-12 - -2. Let g(d) be the third derivative of -d**5/60 - d**4/6 + d**3/3 + d**2. What is g(i)?
2
Let l(x) = x + 18. Let b be (-1)/((-46)/12 - -6 - 2). Determine l(b).
12
Suppose 0*j - 11 = -i + j, 0 = -4*i - 3*j + 58. Let g(u) = -i*u**2 - 12*u**2 - 3 + 26*u**2. Calculate g(-3).
6
Let t(r) = -r + 2. Let n be t(0). Let f = 122 + -120. Let g(x) = -4*x**2 - 2*x + 2*x**f + 0*x**2 + 4*x**n. Calculate g(2).
4
Let o be 2 - ((-1)/1 + 0). Let a(j) = -4*j + j**o - 1 - 2 + 5 - j**2. Let b be 7*(-12)/28*(-8)/8. Determine a(b).
8
Let f = -4 - -5. Let q = 7 - f. Let l(s) = s**2 - 4*s - q + s + s. Determine l(5).
9
Let i(j) = -j**2 - 6*j - 3. Let z be i(-4). Suppose 30 = 5*t + z*s, 2*t + 7 + 9 = 5*s. Let p(b) = -5*b + 1 - b**t - 4 + 4 - b. What is p(-7)?
-6
Let o(y) be the third derivative of -y**4/12 + y**3/6 + 141*y**2. Suppose 2*n - 8 = 0, 2*n - 7*n = 2*k - 22. Suppose -q = -7 + k. Calculate o(q).
-11
Let j(t) = 4 - 5*t + 2*t + t + 3*t. Let x be (-190)/45 + (-8)/(-36). What is j(x)?
0
Let g(v) = -v**2 + 6*v + 3. Let y(s) = s**2 - 7*s - 4. Let a(m) = 5*g(m) + 4*y(m). What is a(7)?
-36
Let c(y) = -y**2 - y + 3. Let w = 135 - 127. Let k(p) = -p**3 - 4*p**2 + 7*p - 2. Let o be k(-5). Let q = w + o. Determine c(q).
-9
Let z(w) = w**3 - 10*w**2 + 8*w - 11. Let f = 205 + -196. What is z(f)?
-20
Let q(g) = -g**2 - 6*g + 7. Suppose -2*z + 53 = 69. Determine q(z).
-9
Let y(j) be the third derivative of 1/60*j**5 + 1/3*j**3 + 0 - 8*j**2 + 1/4*j**4 + 0*j. What is y(-4)?
-6
Let v(q) = -6*q**3 - 3*q - 2*q + 3*q + 2*q. Determine v(1).
-6
Let i be (8 + 0)/(0 + 2). Suppose -l = l + i. Let k(p) = p - 4*p + 9*p**2 - 10*p**2 + 2*p. Calculate k(l).
-2
Let n(p) = -6*p + 24. Let j be n(4). Let q(o) = j*o**3 - o**3 - 6 - 8*o**2 + 15*o**2 + 2*o**3. Give q(-7).
-6
Let m(y) = -5*y + 21. Let h be m(14). Let o = 43 + h. Let n(r) = -r**2 - 5*r + 1. What is n(o)?
-5
Let w = 14 - 14. Let h be (-4 - w)/(-7 + 6). Suppose z - h + 8 = 0. Let p(d) = -2*d**2 - 5*d + 1. Calculate p(z).
-11
Let g(b) = -46*b - 12. Let z(n) = 29*n + 7. Let f(h) = 5*g(h) + 8*z(h). Let t = 0 - 8. Calculate f(t).
-20
Suppose 3*t - 7 = k - 3*k, -40 = 5*k - 4*t. Let g(l) = l**2 + 8*l - 2 - 7*l - 2 + 1. Determine g(k).
9
Let r(v) = v**3 - 4*v - 1. Let a be 6 - (60/10 - 3*-1). Give r(a).
-16
Suppose -7 + 32 = 5*c, 3*c = 4*o + 11. Let b(d) = 0 + o - 3 + d + d**3 - d**2. Let p(s) = -s**3 - 25*s**2 - 133*s + 49. Let l be p(-17). Determine b(l).
-16
Let w(h) = -6*h + 3. Suppose -4*p + 0 + 3 = 3*y, -2*p + 3*y + 15 = 0. Calculate w(p).
-15
Let o(k) = -27*k + 9*k + 15*k**2 + 13*k - 16*k**2. Determine o(-6).
-6
Let a(j) = -13*j - 1. Suppose 5*p - 5*u = -3*u - 13, 4*u - 19 = 3*p. What is a(p)?
12
Let z(d) = -d**3 - 10*d**2 - d - 8. Let j be z(-10). Let h(y) = -8*y**2 - 8*y + 13*y**j + 1 - 4*y**2. Determine h(8).
1
Let j(c) be the first derivative of -1/2*c**2 + 1/3*c**3 - 36 + 1/4*c**4 + 17*c. Determine j(0).
17
Let n(b) = -9*b**3 + b**2 + 2*b + 2. Let v(c) = 16*c**3 - 2*c**2 - 4*c - 3. Let o(q) = -7*n(q) - 4*v(q). Determine o(2).
-2
Let g(p) = p**3 + 13 + 7*p**3 - 8 + 5*p**2 - 7*p**3 - p. Determine g(-4).
25
Let j be 16/(-6)*(-3)/(-2). Let h(s) = 2*s**2 + 11*s + 7. Let c be h(-5). Let t(q) = c*q - 2 + 5 - 1 + 4. What is t(j)?
-2
Let b(f) = f**2 - 3*f - 4. Let n(d) = -d**3 + 15*d**2 + 17*d + 36. Let t be n(16). Let y = -48 + t. Determine b(y).
0
Let l(s) be the first derivative of -13/3*s**3 - 7*s - 1/2*s**4 - 3/2*s**2 - 6. Let t(k) = k**3 + 6*k**2 + k + 3. Let z(m) = -2*l(m) - 5*t(m). Calculate z(-3).
-13
Let p(r) be the first derivative of 16*r + 16 + 1/2*r**2. Let t = -4 - 3. What is p(t)?
9
Let q(p) = -p**2 - 12*p + 14. Let m = 85 - 98. Calculate q(m).
1
Let z(l) = -l**2 + 3*l - 6. Let k be z(5). Let i = -11 - k. Let c be (-18)/2*i/15. Let r(h) = -h**2 + h + 2. Give r(c).
-10
Let d be -14 + (-4)/(-1) + 4. Let p(w) = w**2 + 9*w + 12. Let y be p(d). Let u(r) = 3*r + 9. Give u(y).
-9
Let c(r) = -3*r - 25. Let x be c(-9). Let k(q) = 5*q**2 - 9*q**2 - 4*q**x + 1 + q**2. Let i = 3 + -2. Determine k(i).
-6
Let a(p) = 11*p - 4. Let q = 1616 + -1613. Determine a(q).
29
Suppose -12 = 3*w - 3*u, 9 = -w - 0*u - 4*u. Let s = w - -6. Suppose -2*i - c - s = 0, -2*i + 2*c = -i - 12. Let p(y) = -y**3 + 2*y**2 - 2*y + 1. Give p(i).
-3
Let r(p) = 83*p - 33*p - 52*p. Calculate r(3).
-6
Suppose 6 = m - d + 2, -5*d - 17 = -4*m. Let f(k) be the first derivative of -k**2 + 2*k + 7. What is f(m)?
-4
Let k(n) = -n**3 - 7*n**2 - 9*n - 10. Let g be k(-6). Let o be (1 + 1)/(g/32). Let p(c) = -c**3 + 8*c**2 + c - 7. What is p(o)?
1
Let g(p) = 37 + 2*p**2 + p + p**3 - 78 + 0*p**3 - 9*p**2 + 40. Determine g(5).
-46
Suppose 0 = -4*p - 4*p. Let f(n) be the first derivative of n**6/360 + 3*n**4/8 - 2*n**3/3 + 3. Let x(y) be the third derivative of f(y). What is x(p)?
9
Let d(n) be the second derivative of n**5/20 + n**4/3 + n**3/2 + n**2 + 35*n. Give d(-3).
2
Suppose -206 = -5*l - 5*m - 601, 3*m - 302 = 4*l. Let w = l - -78. Let s(o) = 3*o**3 + o**2 - 1. Give s(w).
3
Suppose -4*b = -12, -5*z + 41 = 4*b - 2*b. Suppose 4*t - q = -z - 2, -2*q - 18 = 4*t. Let n(p) = -p - 6. Determine n(t).
-3
Let q(l) = l**2. Let j(h) = 7*h**2 + 2*h. Let n(g) = -j(g) + 5*q(g). Let w(s) = -s - 4. Let b be w(0). Let a = -6 - b. Give n(a).
-4
Let n(k) = 12*k**2 - 28*k + 54. Let v(j) = -19*j**2 + 42*j - 80. Let r(c) = 8*n(c) + 5*v(c). What is r(11)?
-1
Let n be 6/((7 - 9)/(-2)). Let d(k) = k - 6. Determine d(n).
0
Let c(g) = -g**2 - 2*g + 2. Suppose -7*a - 21 + 0 = 0. Let i be 1/((a/(-4))/(24/16)). Calculate c(i).
-6
Let l be (-2)/6 - (-20)/(-3). Let x(c) = -1689*c**3 + 1 - 1689*c**3 + 8*c**2 + 4*c + 4*c + 3379*c**3. Determine x(l).
-6
Let z(l) be the second derivative of 1/10*l**5 - 1/6*l**4 + 0*l**3 + 0 + 0*l**2 + 1/720*l**6 + 9*l. Let o(w) be the third derivative of z(w). Determine o(-5).
7
Let y(r) = -5*r**2 - 4*r - 3. Let j(g) = -g**2 - g - 1. Let t(z) = -7*z**2 - 7*z - 5. Let n(f) = -3*j(f) + t(f). Let w(q) = 4*n(q) - 3*y(q). Calculate w(-5).
-4
Let l(a) = 18 - 31 + a - 9. Determine l(12).
-10
Suppose 0 = -7*n + 18824 - 18894. Let s(x) = -x + 8*x**2 - 7 + 2*x**2 + x**3 - 4. What is s(n)?
-1
Let l(u) = u**3 + 7*u**2 - 2*u - 2. Let r be l(-3). Suppose 4*b = r - 8. Let m(q) = q - 2